978 is divided by 17421?
32
What is the remainder when 46023469 is divided by 4602346?
9
What is the remainder when 3236454 is divided by 5121?
5103
Calculate the remainder when 2035740 is divided by 371.
63
Calculate the remainder when 6205510 is divided by 147750.
10
Calculate the remainder when 150497623 is divided by 7523.
8
What is the remainder when 395757 is divided by 4391?
567
Calculate the remainder when 4427684 is divided by 130220.
204
Calculate the remainder when 382039 is divided by 14684.
255
Calculate the remainder when 40693 is divided by 3380.
133
What is the remainder when 4094059 is divided by 682342?
7
Calculate the remainder when 370414000 is divided by 6.
4
What is the remainder when 3071613 is divided by 756?
741
What is the remainder when 1208391 is divided by 248?
135
Calculate the remainder when 25619 is divided by 261.
41
Calculate the remainder when 1219679 is divided by 144.
143
Calculate the remainder when 13662733 is divided by 6831094.
545
What is the remainder when 452129 is divided by 112225?
3229
What is the remainder when 53654 is divided by 278?
0
Calculate the remainder when 701456 is divided by 965.
866
Calculate the remainder when 4343668 is divided by 4768.
20
Calculate the remainder when 853893 is divided by 100.
93
What is the remainder when 21451 is divided by 181?
93
Calculate the remainder when 27107664 is divided by 5851.
5832
Calculate the remainder when 4957 is divided by 2114.
729
What is the remainder when 58763 is divided by 4508?
159
Calculate the remainder when 225106 is divided by 13995.
1186
What is the remainder when 189731 is divided by 628?
75
Calculate the remainder when 142764536 is divided by 238.
236
What is the remainder when 1034518 is divided by 252?
58
What is the remainder when 11462625 is divided by 130?
5
Calculate the remainder when 35458038 is divided by 5909673.
0
Calculate the remainder when 57375 is divided by 504.
423
What is the remainder when 203329 is divided by 67701?
226
Calculate the remainder when 92026 is divided by 1255.
411
What is the remainder when 14396 is divided by 2301?
590
What is the remainder when 29988 is divided by 570?
348
What is the remainder when 884489 is divided by 221?
47
What is the remainder when 283475 is divided by 31?
11
What is the remainder when 2063683 is divided by 54307?
17
Calculate the remainder when 2248985 is divided by 2248979.
6
What is the remainder when 24465246 is divided by 407754?
6
Calculate the remainder when 238519 is divided by 5375.
2019
What is the remainder when 23103 is divided by 1232?
927
What is the remainder when 33128 is divided by 11040?
8
Calculate the remainder when 90678996 is divided by 1198.
1178
Calculate the remainder when 502349 is divided by 1994.
1855
Calculate the remainder when 20779965 is divided by 96.
93
Calculate the remainder when 83651 is divided by 11883.
470
Calculate the remainder when 144942 is divided by 813.
228
Calculate the remainder when 76156813 is divided by 52.
5
Calculate the remainder when 4875931 is divided by 609490.
11
Calculate the remainder when 58114 is divided by 1003.
943
Calculate the remainder when 401133155 is divided by 63.
59
Calculate the remainder when 252007 is divided by 6298.
87
What is the remainder when 2703611 is divided by 82?
71
Calculate the remainder when 224219 is divided by 1614.
1487
What is the remainder when 2084377 is divided by 44?
9
Calculate the remainder when 346812 is divided by 2359.
39
What is the remainder when 89110885 is divided by 678?
667
What is the remainder when 31554776 is divided by 69?
41
Calculate the remainder when 43757 is divided by 10836.
413
What is the remainder when 1218920553 is divided by 440?
433
What is the remainder when 575680 is divided by 40858?
3668
Calculate the remainder when 56971 is divided by 1579.
127
Calculate the remainder when 6054108 is divided by 3027050.
8
What is the remainder when 16504 is divided by 3725?
1604
Calculate the remainder when 30591 is divided by 10143.
162
Calculate the remainder when 11562642 is divided by 963545.
102
What is the remainder when 135184 is divided by 19310?
14
What is the remainder when 11463117 is divided by 6588?
6585
Calculate the remainder when 2914979 is divided by 2500.
2479
What is the remainder when 2269783 is divided by 2478?
2413
What is the remainder when 528073 is divided by 131898?
481
Calculate the remainder when 3474077 is divided by 5320.
117
What is the remainder when 5861351 is divided by 912?
839
What is the remainder when 9404872 is divided by 884?
880
Calculate the remainder when 12257144 is divided by 4060.
4
What is the remainder when 98593 is divided by 164?
29
What is the remainder when 153707 is divided by 494?
73
What is the remainder when 6404526 is divided by 2134797?
135
What is the remainder when 700694 is divided by 137?
76
Calculate the remainder when 2050965669 is divided by 42.
39
Calculate the remainder when 13714 is divided by 1499.
223
What is the remainder when 1761549 is divided by 49?
48
Calculate the remainder when 219340 is divided by 5624.
4
What is the remainder when 43745 is divided by 2735?
2720
Calculate the remainder when 6889651 is divided by 62.
25
What is the remainder when 863876 is divided by 1278?
1226
Calculate the remainder when 9119527 is divided by 32111.
3
Calculate the remainder when 699432 is divided by 296.
280
What is the remainder when 45566 is divided by 5056?
62
Calculate the remainder when 344217 is divided by 86050.
17
Calculate the remainder when 55891751 is divided by 12.
11
Calculate the remainder when 17265370 is divided by 5736.
10
What is the remainder when 273256 is divided by 1295?
11
What is the remainder when 5746689 is divided by 2873332?
25
Calculate the remainder when 960839 is divided by 803.
451
Calculate the remainder when 288516 is divided by 453.
408
Calculate the remainder when 1314790 is divided by 1314779.
11
What is the remainder when 694190 is divided by 18258?
386
Calculate the remainder when 6851715 is divided by 6.
3
What is the remainder when 884797 is divided by 5027?
45
What is the remainder when 102391 is divided by 3097?
190
Calculate the remainder when 1271573 is divided by 611.
82
What is the remainder when 273028 is divided by 253?
41
Calculate the remainder when 19407971 is divided by 2425994.
19
What is the remainder when 2218071294 is divided by 93?
90
What is the remainder when 5837659 is divided by 325?
9
Calculate the remainder when 2016759 is divided by 270.
129
Calculate the remainder when 93961 is divided by 164.
153
What is the remainder when 142371 is divided by 160?
131
Calculate the remainder when 3528451 is divided by 352839.
61
What is the remainder when 4201213 is divided by 321?
286
What is the remainder when 256630 is divided by 19734?
88
What is the remainder when 1557153 is divided by 389269?
77
What is the remainder when 6837647 is divided by 42?
5
What is the remainder when 16688217 is divided by 8344090?
37
Calculate the remainder when 11419553 is divided by 189.
173
Calculate the remainder when 10930516 is divided by 1568.
1556
What is the remainder when 18529 is divided by 9235?
59
Calculate the remainder when 225393 is divided by 805.
798
Calculate the remainder when 266200 is divided by 1767.
1150
Calculate the remainder when 5505293 is divided by 655.
18
Calculate the remainder when 532228 is divided by 1130.
1128
What is the remainder when 1419627 is divided by 23?
21
What is the remainder when 2950416 is divided by 1103?
994
Calculate the remainder when 435623 is divided by 15021.
14
What is the remainder when 8179776 is divided by 741?
618
Calculate the remainder when 2395850 is divided by 114.
26
Calculate the remainder when 126644 is divided by 389.
219
Calculate the remainder when 13786217 is divided by 4595399.
20
What is the remainder when 2626251 is divided by 185?
176
What is the remainder when 97646 is divided by 32297?
755
What is the remainder when 1395877 is divided by 463949?
4030
Calculate the remainder when 474575 is divided by 82.
41
What is the remainder when 55449462 is divided by 237?
231
What is the remainder when 2036219 is divided by 92525?
669
What is the remainder when 2208875 is divided by 29451?
50
What is